e ten thousands digit of 10895?
1
What is the hundreds digit of 558?
5
What is the hundreds digit of 14393?
3
What is the hundreds digit of 2650?
6
What is the units digit of 25471?
1
What is the thousands digit of 3577?
3
What is the thousands digit of 1110?
1
What is the tens digit of 788?
8
What is the units digit of 709?
9
What is the ten thousands digit of 11322?
1
What is the thousands digit of 1561?
1
What is the units digit of 88?
8
What is the hundreds digit of 700?
7
What is the thousands digit of 1719?
1
What is the units digit of 3441?
1
What is the units digit of 8401?
1
What is the units digit of 2537?
7
What is the thousands digit of 1456?
1
What is the hundreds digit of 84802?
8
What is the thousands digit of 5664?
5
What is the units digit of 558?
8
What is the units digit of 5971?
1
What is the thousands digit of 16719?
6
What is the ten thousands digit of 19763?
1
What is the tens digit of 811?
1
What is the thousands digit of 4341?
4
What is the units digit of 5956?
6
What is the hundreds digit of 2155?
1
What is the hundreds digit of 5492?
4
What is the hundreds digit of 11045?
0
What is the hundreds digit of 20606?
6
What is the ten thousands digit of 90512?
9
What is the units digit of 85846?
6
What is the hundreds digit of 13125?
1
What is the units digit of 50978?
8
What is the hundreds digit of 3164?
1
What is the thousands digit of 36965?
6
What is the hundreds digit of 12478?
4
What is the units digit of 33113?
3
What is the hundreds digit of 233?
2
What is the hundreds digit of 2752?
7
What is the tens digit of 15639?
3
What is the hundreds digit of 2106?
1
What is the hundreds digit of 3887?
8
What is the hundreds digit of 9459?
4
What is the ten thousands digit of 11402?
1
What is the units digit of 9555?
5
What is the tens digit of 1815?
1
What is the hundreds digit of 1705?
7
What is the thousands digit of 1826?
1
What is the units digit of 1081?
1
What is the units digit of 116274?
4
What is the hundreds digit of 1302?
3
What is the hundreds digit of 1014?
0
What is the ten thousands digit of 26289?
2
What is the thousands digit of 3521?
3
What is the thousands digit of 1030?
1
What is the ten thousands digit of 43179?
4
What is the tens digit of 947?
4
What is the thousands digit of 7726?
7
What is the tens digit of 4776?
7
What is the units digit of 49982?
2
What is the ten thousands digit of 93948?
9
What is the thousands digit of 11794?
1
What is the hundreds digit of 10590?
5
What is the units digit of 691?
1
What is the thousands digit of 19796?
9
What is the tens digit of 695?
9
What is the units digit of 451?
1
What is the ten thousands digit of 12398?
1
What is the tens digit of 637?
3
What is the hundreds digit of 1029?
0
What is the thousands digit of 3677?
3
What is the thousands digit of 3293?
3
What is the tens digit of 4871?
7
What is the hundreds digit of 3637?
6
What is the thousands digit of 1057?
1
What is the hundreds digit of 1536?
5
What is the units digit of 8332?
2
What is the thousands digit of 10334?
0
What is the tens digit of 2765?
6
What is the units digit of 998?
8
What is the hundreds digit of 10149?
1
What is the hundreds digit of 2489?
4
What is the hundreds digit of 128030?
0
What is the thousands digit of 1073?
1
What is the thousands digit of 27521?
7
What is the thousands digit of 16714?
6
What is the hundreds digit of 6435?
4
What is the units digit of 60?
0
What is the hundreds digit of 15889?
8
What is the hundreds digit of 2355?
3
What is the hundreds digit of 6293?
2
What is the units digit of 662?
2
What is the thousands digit of 17793?
7
What is the hundreds digit of 170237?
2
What is the units digit of 985?
5
What is the units digit of 1172?
2
What is the tens digit of 58629?
2
What is the tens digit of 1636?
3
What is the hundreds digit of 8044?
0
What is the hundreds digit of 99868?
8
What is the units digit of 975?
5
What is the hundreds digit of 993?
9
What is the thousands digit of 9346?
9
What is the thousands digit of 10488?
0
What is the thousands digit of 65164?
5
What is the thousands digit of 140338?
0
What is the thousands digit of 1004?
1
What is the hundreds digit of 167825?
8
What is the tens digit of 6891?
9
What is the units digit of 13297?
7
What is the hundreds digit of 975?
9
What is the units digit of 476?
6
What is the units digit of 1939?
9
What is the hundreds digit of 6133?
1
What is the thousands digit of 7317?
7
What is the hundreds digit of 8661?
6
What is the thousands digit of 18890?
8
What is the tens digit of 4243?
4
What is the units digit of 647?
7
What is the thousands digit of 27794?
7
What is the thousands digit of 33653?
3
What is the hundreds digit of 47628?
6
What is the hundred thousands digit of 104437?
1
What is the ten thousands digit of 30098?
3
What is the hundreds digit of 5291?
2
What is the hundreds digit of 25750?
7
What is the tens digit of 3370?
7
What is the ten thousands digit of 37180?
3
What is the hundreds digit of 3878?
8
What is the thousands digit of 4508?
4
What is the ten thousands digit of 15852?
1
What is the thousands digit of 1699?
1
What is the tens digit of 15754?
5
What is the hundreds digit of 1195?
1
What is the hundreds digit of 17067?
0
What is the thousands digit of 13465?
3
What is the tens digit of 4676?
7
What is the hundreds digit of 6858?
8
What is the thousands digit of 2738?
2
What is the thousands digit of 4116?
4
What is the thousands digit of 7989?
7
What is the units digit of 647?
7
What is the thousands digit of 6412?
6
What is the units digit of 1426?
6
What is the thousands digit of 5484?
5
What is the tens digit of 14666?
6
What is the tens digit of 4934?
3
What is the thousands digit of 1382?
1
What is the thousands digit of 8489?
8
What is the units digit of 1028?
8
What is the thousands digit of 8791?
8
What is the thousands digit of 20427?
0
What is the hundreds digit of 4007?
0
What is the tens digit of 659?
5
What is the hundreds digit of 12249?
2
What is the ten thousands digit of 13794?
1
What is the tens digit of 2273?
7
What is the thousands digit of 1049?
1
What is the tens digit of 8790?
9
What is the units digit of 31044?
4
What is the tens digit of 1297?
9
What is the thousands digit of 5190?
5
What is the tens digit of 17104?
0
What is the units digit of 1393?
3
What is the thousands digit of 2788?
2
What is the units digit of 3672?
2
What is the tens digit of 846?
4
What is the thousands digit of 6834?
6
What is the thousands digit of 26413?
6
What is the thousands digit of 9821?
9
What is the units digit of 541?
1
What is the tens digit of 125?
2
What is the hundreds digit of 9191?
1
What is the hundreds digit of 4957?
9
What is the hundreds digit of 7881?
8
What is the tens digit of 4068?
6
What is the hundreds digit of 45547?
5
What is the thousands digit of 33876?
3
What is the hundreds digit of 669?
6
What is the hundreds digit of 73810?
8
What is the hundreds digit of 11765?
7
What is the ten thousands digit of 113354?
1
What is the units digit of 408?
8
What is the hundreds digit of 46602?
6
What is the hundreds digit of 1231?
2
What is the hundred thousands digit of 151580?
1
What is the thousands digit of 2022?
2
What is the units digit of 1763?
3
What is the tens digit of 7264?
6
What is the units digit of 1733?
3
What is the tens digit of 188?
8
What is the hundreds digit of 956?
9
What is the tens digit of 4242?
4
What is the tens digit of 6813?
1
What is the thousands digit of 2457?
2
What is the thousands digit of 15844?
5
What is the ten thousands digit of 23720?
2
What is the tens digit of 250?
5
What is the ten thousands digit of 71086?
7
What is the tens digit of 9766?
6
What is the ten thousands digit of 13025?
1
What is the units digit of 87042?
2
What is the tens digit of 54317?
1
What is the tens digit of 6060?
6
What is the units digit of 3792?
2
What is the units digit of 926?
6
What is the units digit of 114482?
2
What is the thousands digit of 73382?
3
What is the ten thousands digit of 13326?
1
What is the thousands digit of 4199?
4
What is the tens digit of 8911?
1
What is the units digit of 21197?
7
What is the units digit of 939?
9
What is the units digit of 12713?
3
What is the hundreds digit of 18227?
2
What is the units digit